 - 18 - 382 = u. Suppose 4*r + 20 = z. List the prime factors of r.
3, 5
What are the prime factors of (-1488)/28*-1*(0 - -7)?
2, 3, 31
Let l(k) = -k**3 + 14*k**2 - 6*k. Let s(u) = -u**3 + 13*u**2 - 7*u - 1. Let w(o) = -2*l(o) + 3*s(o). List the prime factors of w(10).
7
Suppose -3*f = -12 - 9. Let r(q) = -q - 6 + 2 + 7 + 6. List the prime factors of r(f).
2
Let p = -6 - -6. Suppose -4 = -p*y - 2*y. Suppose -3*x + 5*x = 0, y*v = -x + 24. What are the prime factors of v?
2, 3
Let a(y) be the third derivative of -y**6/120 + y**5/10 - 5*y**4/24 + y**3/2 + 6*y**2. What are the prime factors of a(5)?
3
Suppose 3*s - 89 = 5*g, -3*g + 110 = 3*s - 19. List the prime factors of s.
2, 19
Suppose 0 = -2*i - 12 - 0. What are the prime factors of -2 + 1 - (i - 0)?
5
Let x(r) = r**3 + 2*r**2 - 3*r + 3. Suppose 0 = -5*a - j - 6, 0 = -2*a + 2*j. Let c be 3/(-1) - (a + 1). List the prime factors of x(c).
3
Let t be (10/4)/((-4)/(-48)). Let o = t + -18. What are the prime factors of o?
2, 3
Let d(v) = 2*v**3 - 5*v**2 + v + 3. Let y be d(3). Suppose 4*n - f - 84 = 3*f, n - y = -2*f. What are the prime factors of n?
19
Suppose 0 = -3*r + 73 + 92. What are the prime factors of r?
5, 11
Let m(n) = 1 + 5 - 2 - n. Let d be m(0). Suppose d*j - 5*j = -2*y, -j = -4. List the prime factors of y.
2
Let x(c) be the second derivative of 5*c**3/6 + 5*c**2 - 2*c. Let w be x(-7). Let d = w - -39. What are the prime factors of d?
2, 7
Suppose -3*z - 57 = u, z + 2*u + 19 = 3*u. Suppose 5 = s - 2*s - 3*x, 3*s + 15 = -3*x. Let d = s - z. List the prime factors of d.
2, 7
Suppose 5*o = 8*o - 129. List the prime factors of o.
43
Let s(p) = -2*p**2 + 10*p - 5. Let m be s(4). Suppose -f = m*f + 4*o - 140, f - 3*o - 27 = 0. List the prime factors of f.
3, 11
Let n(p) = 10*p**2 - p - 1. List the prime factors of n(-2).
41
Let a = -1 + 25. List the prime factors of a.
2, 3
Let h be ((-2)/(-6) - 1)*6. Let f(v) = 2 - v + 0*v - v - 1. What are the prime factors of f(h)?
3
Let s be (-2 - (2 - 1)) + 7. List the prime factors of 43/3 - s/12.
2, 7
Suppose 22 = 3*d - 5*a, 4*d = -0*d - 2*a + 12. Suppose d = 2*q - 16. List the prime factors of q.
2, 5
Let u be -1*(2 - (-15)/(-3)). Suppose -u*g = -2*h - 40, 3*h - 15 = -g + 2*h. What are the prime factors of g?
2, 7
Suppose 4*b + 170 - 14 = 4*j, 5 = 5*b. What are the prime factors of j?
2, 5
Let k = 36 - 31. What are the prime factors of k?
5
Suppose 0 = 6*l - 758 - 76. List the prime factors of l.
139
Suppose n + 2286 = 10*n. What are the prime factors of n?
2, 127
Suppose k = -0 + 5. Let r(v) = 3*v - 6. What are the prime factors of r(k)?
3
Let a = -43 + 111. What are the prime factors of a?
2, 17
Let s(z) = -z**3 + 7*z**2 - 8*z + 6. Let r be s(5). List the prime factors of (-16)/6*(-180)/r.
2, 3, 5
Suppose 2*p - 7 - 1 = 0, 24 = 5*d - 4*p. Suppose -9 = 5*v - d*v, -4*h = 4*v - 76. What are the prime factors of h?
2
Let c(b) = 2*b**2 + 4*b - 1. Let h be c(-4). Suppose -35 = -5*k + h. What are the prime factors of k?
2, 5
Suppose -2*a - 1148 = -4*q + 470, 0 = -4*q - a + 1615. What are the prime factors of q?
2, 101
Suppose 3*p - 2 = -5. Let h = p + 0. What are the prime factors of h + (-1 + 2 - -5)?
5
Let z = -154 + 279. What are the prime factors of z?
5
Suppose 24 = 3*p - 5*x, 14 + 26 = 5*p + 5*x. Let u = 14 - p. What are the prime factors of u?
2, 3
Let v = -6 + 11. Suppose 3*t - 4*x = 28, t + t = -v*x + 57. What are the prime factors of t?
2
Let z = 9 + -3. Suppose -m = 3 - z. List the prime factors of m.
3
Let c(i) = i**2 - 3*i - 5. Suppose -a = -2*o - 9, 5*o + 24 = 4. Let v be (1 - 0)*a - -4. List the prime factors of c(v).
5
Suppose 5*q = -p - 4, -5*q + 16 = -q - 4*p. Suppose -5*m + 11 = v, q = -v - 2*m + m - 1. Let z(w) = w**3 + 3*w**2 - 6*w - 1. List the prime factors of z(v).
7
Suppose 5*u - 3*i - 161 = -50, 3*u + 2*i - 78 = 0. What are the prime factors of u?
2, 3
Let k(y) = -y**2 - 10*y - 1. Let w be k(-10). List the prime factors of ((-26)/(-6))/(w/(-3)).
13
Suppose -4*l = 2*y - 98, -l + 71 = 2*y - 18. What are the prime factors of y?
43
Let v = 32 - -21. What are the prime factors of v?
53
Suppose -3*y = -2*d + 110, 4*y + 167 = 3*d - 0*y. What are the prime factors of d?
61
Let b(f) = -f + 12. Suppose 0 = 2*y - 11 - 9. List the prime factors of b(y).
2
Let v = 13 - 5. What are the prime factors of v?
2
Suppose -4*g - 29 = 3*x, 2*x - 4*x - g = 11. List the prime factors of (x/(-4))/(1/4).
3
What are the prime factors of (-1228)/(-6)*(45/6)/5?
307
Suppose -3*t - 20 = t. Let o = 0 - t. List the prime factors of ((-26)/(-4))/(o/10).
13
Let q = -2 - -7. Suppose q*w = -1 + 21. List the prime factors of w.
2
Suppose 0 = 4*p - i - 452, -5*i - 8 = 12. What are the prime factors of p?
2, 7
Suppose 3*u - 2*u + 5*k = 75, 5*k = u - 45. Suppose 3*v + v = u. List the prime factors of v.
3, 5
Let t = 101 - 61. List the prime factors of t.
2, 5
Suppose -z - 11 = 4*w + 5, 5*z + 32 = -4*w. Let h(c) = 5*c**2 + 2*c + 3. List the prime factors of h(w).
2, 3, 7
Let u(j) = -j - 9. Let y be u(-5). Let q(h) = -4*h - 2. Let b be q(y). Suppose -3*w - 2*d + 0*d + 34 = 0, 2*w - b = 3*d. What are the prime factors of w?
2, 5
Let z be (-88)/(-20) + 4/(-10). Suppose -z*h + 27 = -h. Suppose 25 - h = 2*l. What are the prime factors of l?
2
Let u(l) = l**3 + 5*l**2 + l + 2. Suppose -f = 7 - 2. Let o be u(f). Let t = 5 + o. List the prime factors of t.
2
Suppose -110 = -3*t + 97. List the prime factors of t.
3, 23
Let y = -6 + 9. Suppose -y*f + 2*f = -14. List the prime factors of f.
2, 7
Suppose 2*b + 10 - 24 = 0. Let p be (-12)/9*(-135)/2. Suppose 2*g + p = b*g. What are the prime factors of g?
2, 3
Let i be 3*3/9*2. Suppose 5*y - 130 = -4*v, -y - 4*v = -28 + i. List the prime factors of y.
2, 13
Let s be (-6)/(-3) - (0 + -1). Suppose 5*q - 77 = s. What are the prime factors of q?
2
Let b(h) = -5*h**2 + 1. Let a be b(-1). Let t = -3 - a. Let m = t + 7. List the prime factors of m.
2
Suppose -3*o - 95 = -i, -o + 415 = 5*i - 4*o. What are the prime factors of i?
2, 5
Let d = -2 + 4. List the prime factors of d.
2
Let t be -4 + (3 - 2) - 29. Let y = -20 - t. List the prime factors of y.
2, 3
List the prime factors of (492/(-18))/(10/(-6) - -1).
41
Suppose -4*d = q - 191, -d - 2*q - 16 = -69. Let m = d - 93. List the prime factors of (-6)/(-18) - m/6.
2
Let x(k) be the first derivative of k**4/12 - k**3/2 - 3*k**2/2 + 2. Let p(i) be the second derivative of x(i). What are the prime factors of p(4)?
5
What are the prime factors of (-371)/(-9) - (-4)/(-18)?
41
Let l(v) = 4*v**2 + v + 1. Let q be l(-1). Suppose -165 = -2*b - 2*b - 5*a, 4*a - q = 0. List the prime factors of b.
2, 5
Let i(t) = -12*t. Let b be i(2). Let n = b + 12. Let u = -4 - n. What are the prime factors of u?
2
Let m be (8 - 6)*(0 + 2). Suppose m*n - 6 - 2 = 0. Suppose -55 = -4*a - 3*u + 12, -n*a + 3*u + 11 = 0. What are the prime factors of a?
13
Suppose 2*b - 162 = -3*s + 7*s, -b = s - 84. What are the prime factors of b?
83
Suppose 0 = -11*m + 6*m + 135. What are the prime factors of m?
3
Let q(c) = 18 - c - 7 + 2*c. Suppose 2*l + 2*l = 0. List the prime factors of q(l).
11
Suppose 3*z + 6 = 3. List the prime factors of z - (2 + -2 - 31).
2, 3, 5
Let m(z) = 6*z + 9. Let t be m(-5). What are the prime factors of (-8 - t) + -2 + 2?
13
Let x(i) = 33*i**3 + 2*i**2 - 10*i + 13. What are the prime factors of x(2)?
5, 53
Suppose 0*s + 20 = 2*s + 4*m, 2*m = 4*s - 30. List the prime factors of s.
2
Suppose -16*r = -21*r + 285. List the prime factors of r.
3, 19
Let z(c) = -c**3 + 2*c**2 - 3*c. Suppose -4*m + 8 = -0*m. Let y be z(m). What are the prime factors of y/(-33) + 192/33?
2, 3
Let v(p) = p + 6. Let m be v(0). Let s(n) = -n**2 + 6*n + 4. List the prime factors of s(m).
2
Suppose -4*j = -4*m - 48, 4*m + 63 = 3*j + 22. Suppose 2*h - j*h + 64 = 4*n, 4*h - 60 = -4*n. List the prime factors of n.
11
Let x(w) = -w**3 + w**2 + 2. Let o be x(0). Suppose -r = -o - 6. What are the prime factors of r?
2
Suppose -5*h + 540 = -h. List the prime factors of h.
3, 5
Suppose -4*y - 240 = -9*y. Let h = 80 - 114. Let t = h + y. What are the prime factors of t?
2, 7
Let t(f) = f**3 + 5*f**2 + 3*f - 1. Suppose 2*a + 19 = -3*y, -5*a = -y + 3 + 2. Let b be (-8)/4*a/(-1). List the prime factors of t(b).
3
Let z(w) = w**3 + 8*w